{"id":1046,"date":"2021-06-23T14:45:55","date_gmt":"2021-06-23T12:45:55","guid":{"rendered":"https:\/\/hhft.info\/2020\/?page_id=1046"},"modified":"2025-11-05T16:15:54","modified_gmt":"2025-11-05T15:15:54","slug":"home-2","status":"publish","type":"page","link":"https:\/\/hhft.info\/2022\/","title":{"rendered":"Home 2025"},"content":{"rendered":"\n<figure class=\"wp-block-image size-large\"><img loading=\"lazy\" width=\"819\" height=\"1024\" src=\"https:\/\/hhft.info\/2021\/wp-content\/uploads\/2025\/07\/hhft-2025-call-for-entries-819x1024.png\" alt=\"\" class=\"wp-image-1666\" srcset=\"https:\/\/hhft.info\/2021\/wp-content\/uploads\/2025\/07\/hhft-2025-call-for-entries-819x1024.png 819w, https:\/\/hhft.info\/2021\/wp-content\/uploads\/2025\/07\/hhft-2025-call-for-entries-240x300.png 240w, https:\/\/hhft.info\/2021\/wp-content\/uploads\/2025\/07\/hhft-2025-call-for-entries-768x960.png 768w, https:\/\/hhft.info\/2021\/wp-content\/uploads\/2025\/07\/hhft-2025-call-for-entries.png 1080w\" sizes=\"(max-width: 767px) 89vw, (max-width: 1000px) 54vw, (max-width: 1071px) 543px, 580px\" \/><\/figure>\n\n\n\n<p class=\"has-text-color has-background\" style=\"background-color:#f2eaff;color:#6e529d;font-size:14px\"><strong>Den Link zum Einreichen findet Ihr im Open Call, den eure Lehrenden euch per Mail weitergeleitet haben.  <\/strong><br><br>Filme aller Genres und einer L\u00e4nge bis zu 25 min. der Jahre 2024\/ 2025 k\u00f6nnen eingereicht werden.&nbsp;<\/p>\n\n\n\n<p><font color=\"#a3006c\"><span style=\"color:#fe6459\" class=\"has-inline-color\"><span style=\"caret-color: rgb(163, 0, 108); font-weight: 600;\">W<\/span><\/span><\/font><strong><span style=\"color:#fe6459\" class=\"has-inline-color\">er wir sind<\/span><\/strong><\/p>\n\n\n<div class=\"page\" title=\"Page 1\">\n<div class=\"section\">\n<div class=\"layoutArea\">\n<div class=\"column\">\n<p>&nbsp;Am 20. November 2025 findet der 16. Hessische Hochschulfilmtag (HHFT) statt.<\/p>\n<p>Studierende der Hochschule Darmstadt, der Kunsthochschule Kassel, der Hochschule f\u00fcr Gestaltung&nbsp;Offenbach und der Hochschule RheinMain \/ Wiesbaden stellen dort ihre neuesten Filme einem ausgew\u00e4hlten Fachpublikum, sowie anderen Studierenden vor. Zu sehen sind Abschluss- und Semesterarbeiten sowie Deb\u00fctfilme aus den Bereichen Dokumentar-, Experimental-, Animations-, und Spielfilm.<br>Der Hessische Hochschulfilmtag ist eine Plattform, um sich mit Filmemacher*innen anderer Hochschulen zu vernetzen, sich auszutauschen, Vertreter*innen der Film-, Fernseh- und Medienbranche zu treffen und vor allem um Filme zu sehen und zu zeigen.<br><span style=\"font-size: inherit;\">Der HHFT findet im Rahmen des 42. Kasseler Dokumentarfilm- und Videofests <\/span><span style=\"font-size: inherit;\">(18.11. \u2013 23.11.2025 &#8211; bis 30.11.2025 online), in Kooperation mit der hessischen Film- und Medienakademie (hFMA), dem Kasseler Dokfest und der Kunsthochschule Kassel statt.&nbsp;<\/span><\/p>\n<p><\/p>\n<\/div>\n<\/div>\n<\/div>\n<\/div>\n\n\n<div class=\"wp-block-columns\">\n<div class=\"wp-block-column\"><\/div>\n\n\n\n<div class=\"wp-block-column\"><\/div>\n\n\n\n<div class=\"wp-block-column\"><\/div>\n<\/div>\n\n\n\n<div style=\"height:100px\" aria-hidden=\"true\" class=\"wp-block-spacer\"><\/div>\n\n\n\n<h2 id=\"partner\"><strong><span style=\"color:#fe6459\" class=\"has-inline-color\">Schulen und Partner*innen<\/span><\/strong><span style=\"color:#eae96e\" class=\"has-inline-color\"><br><\/span><\/h2>\n\n\n\n<div class=\"wp-block-columns\">\n<div class=\"wp-block-column\">\n<figure class=\"wp-block-image size-full\"><img loading=\"lazy\" width=\"760\" height=\"380\" src=\"https:\/\/hhft.info\/2021\/wp-content\/uploads\/2020\/06\/Kunsthochschule-Kassel-bekommt-Ausstellungshalle_big_teaser_article-10.jpg\" alt=\"Kunsthochschule Kassel\" class=\"wp-image-251\" srcset=\"https:\/\/hhft.info\/2021\/wp-content\/uploads\/2020\/06\/Kunsthochschule-Kassel-bekommt-Ausstellungshalle_big_teaser_article-10.jpg 760w, https:\/\/hhft.info\/2021\/wp-content\/uploads\/2020\/06\/Kunsthochschule-Kassel-bekommt-Ausstellungshalle_big_teaser_article-10-300x150.jpg 300w\" sizes=\"(max-width: 706px) 89vw, (max-width: 767px) 82vw, 740px\" \/><figcaption><span class=\"has-inline-color has-black-color\"><strong>Kunsthochschule Kassel&nbsp;<\/strong><br><br>Die Studienschwerpunkte Animation, Film und bewegtes Bild sowie die Klasse&nbsp;f\u00fcr Virtuelle Realit\u00e4ten&nbsp;sind den Studieng\u00e4ngen \u201eVisuelle Kommunikation\u201c und \u201eBildende Kunst\u201c der Kunsthochschule Kassel zugeordnet.<br>&nbsp;<br>Das Studium bietet eine k\u00fcnstlerisch-praktische Ausbildung und wird mit einem k\u00fcnstlerischen Abschluss beendet, der international dem Master&nbsp;of&nbsp;Arts gleichgestellt ist. Kenntnisse aus den zentralen Bereichen der Produktion von Spiel-, Dokumentar-, Animations- und Experimentalfilmen sowie&nbsp;weiteren&nbsp;Bewegtbildern werden vermittelt. Gleichzeitig&nbsp;werden&nbsp;Kenntnisse aus den Bereichen der Filmgeschichte, -theorie und&nbsp;-analyse&nbsp;gelehrt. Ziel des Studiums ist die Herausbildung einer eigenen k\u00fcnstlerischen Handschrift.<br>Einzeln oder in wechselseitiger Kollaboration erarbeiten die Studierenden ihre Projekte. Angeleitet werden sie in individueller, projektbezogener Betreuung durch die&nbsp;Lehrenden, sowie durch eine Vielzahl vonLehrveranstaltungen. Die Verflechtung&nbsp;und Zusammenarbeit&nbsp;mit den weiteren Studienschwerpunkten der Visuellen Kommunikation (z.&nbsp;B. Neue Medien,&nbsp;Intermediale Fotografie und zeitbasierte Medien im k\u00fcnstlerischen Feld, Grafikdesign, Illustration &amp; Comic)sowie mit denen der Bildenden Kunst (wie&nbsp;Virtuelle Realit\u00e4ten) wird unterst\u00fctzt&nbsp;und gef\u00f6rdert.<br><br>Prof. Martina Bramkamp \/\/m.bramkamp@uni-kassel.de<br>Prof. Bj\u00f8rn Melhus \/\/ studio@melhus.de<br>Prof. Jan Peters \/\/&nbsp;jan.peters@uni-kassel.de<br><em>[\/expander_maker]<\/em><br>Prof. Kathrin Albers\/\/ albers@uni-kassel.de<br>Prof. Joel Baumann\/\/ jbaumann@uni-kassel.de<\/span><\/figcaption><\/figure>\n\n\n\n<div class=\"wp-block-buttons\">\n<div class=\"wp-block-button is-style-outline\"><a class=\"wp-block-button__link has-text-color\" href=\"https:\/\/www.kunsthochschulekassel.de\/willkommen.html\" style=\"border-radius:5px;color:#70549f\" target=\"_blank\" rel=\"noreferrer noopener\">Zur Webseite<\/a><\/div>\n<\/div>\n\n\n\n<p><\/p>\n\n\n\n<p><\/p>\n\n\n\n<p><\/p>\n<\/div>\n\n\n\n<div class=\"wp-block-column\">\n<figure class=\"wp-block-image size-full\"><img loading=\"lazy\" width=\"1766\" height=\"884\" src=\"https:\/\/hhft.info\/2021\/wp-content\/uploads\/2020\/06\/Bildschirmfoto-2020-06-19-um-17.52.07.png\" alt=\"Hochschule Darmstadt\" class=\"wp-image-252\" srcset=\"https:\/\/hhft.info\/2021\/wp-content\/uploads\/2020\/06\/Bildschirmfoto-2020-06-19-um-17.52.07.png 1766w, https:\/\/hhft.info\/2021\/wp-content\/uploads\/2020\/06\/Bildschirmfoto-2020-06-19-um-17.52.07-300x150.png 300w, https:\/\/hhft.info\/2021\/wp-content\/uploads\/2020\/06\/Bildschirmfoto-2020-06-19-um-17.52.07-1024x513.png 1024w, https:\/\/hhft.info\/2021\/wp-content\/uploads\/2020\/06\/Bildschirmfoto-2020-06-19-um-17.52.07-768x384.png 768w, https:\/\/hhft.info\/2021\/wp-content\/uploads\/2020\/06\/Bildschirmfoto-2020-06-19-um-17.52.07-1536x769.png 1536w\" sizes=\"(max-width: 767px) 89vw, (max-width: 1000px) 54vw, (max-width: 1071px) 543px, 580px\" \/><figcaption><span class=\"has-inline-color has-black-color\"><strong>Hochschule Darmstadt&nbsp;<\/strong><br><\/span><br><span class=\"has-inline-color has-black-color\">In fachspezifischen Studieng\u00e4ngen erfolgt k\u00fcnstlerische, technologische sowie wissenschaftliche Lehre und Forschung in den Disziplinen der digitalen Medien.&nbsp;Die jeweiligen Ausbildungsprofile von Realfilm, Animation und Computer-Games, Soundgestaltung sowie interaktiven Mediensystemen sind interdisziplin\u00e4r, praxisbezogen, team- und projektorientiert.<br>Im Studiengang Motion Pictures nimmt die filmpraktische Ausbildung eine zentrale Rolle ein.<br>Neben den grundlegenden, fachlichen und methodischen Kenntnissen des Filmemachens, bilden filmisches Handwerk und k\u00fcnstlerische Ans\u00e4tze, sowie die praktische Arbeit am Filmset und Teamarbeit, eine wesentliche Grundlage f\u00fcr das sp\u00e4tere Berufsleben der Studierenden in der Branche Film- und Fernsehen.<br>Die sehr gute Ausstattung des Studiengangs mit moderner Kamera- und Tontechnik sowie einem vollwertigen TV-Studio erm\u00f6glicht es,<br>umfassende Erfahrungen zu sammeln. Der internationale Studiengang Animation &amp; Game wird vorwiegend in Englisch unterrichtet und qualifiziert die Studierenden f\u00fcr Berufe in der internationalen Medienindustrie. Die Verbindung der Disziplinen Animation und Game tr\u00e4gt der Konvergenz von Formaten und Plattformen Rechnung und bef\u00e4higt die Studierenden sich in einem dynamischen Berufsfeld zu etablieren und weiterzuentwickeln. Die Studierenden erwerben ein solides Verst\u00e4ndnis f\u00fcr den gesamten Produktionsprozess und k\u00f6nnen sich zugleich spezialisieren: als Digital Artist\/ Game-Designer, Animator, Producer, Game Developer und Technical Director.<br><br>Prof. Dr. Frank Gabler\/\/frank.gabler@h-da.de<br>Prof. Alexander Herzog\/\/alexeherz@gmx.de<br>Prof. Tilmann Kohlhaase\/\/<br>tilmann.kohlhaase@h-da.de<\/span><\/figcaption><\/figure>\n\n\n\n<div class=\"wp-block-buttons\">\n<div class=\"wp-block-button is-style-outline\"><a class=\"wp-block-button__link has-text-color\" href=\"https:\/\/h-da.de\" style=\"border-radius:5px;color:#70549f\" target=\"_blank\" rel=\"noreferrer noopener\">Zur Webseite<\/a><\/div>\n<\/div>\n\n\n\n<p><\/p>\n\n\n\n<p><\/p>\n\n\n\n<p><\/p>\n\n\n\n<p><\/p>\n<\/div>\n<\/div>\n\n\n\n<div class=\"wp-block-columns\">\n<div class=\"wp-block-column\">\n<figure class=\"wp-block-image size-full\"><img loading=\"lazy\" width=\"1766\" height=\"884\" src=\"https:\/\/hhft.info\/2021\/wp-content\/uploads\/2020\/06\/Bildschirmfoto-2020-06-19-um-17.53.12.png\" alt=\"Hochschule f\u00fcr Gestaltung Offenbach\" class=\"wp-image-253\" srcset=\"https:\/\/hhft.info\/2021\/wp-content\/uploads\/2020\/06\/Bildschirmfoto-2020-06-19-um-17.53.12.png 1766w, https:\/\/hhft.info\/2021\/wp-content\/uploads\/2020\/06\/Bildschirmfoto-2020-06-19-um-17.53.12-300x150.png 300w, https:\/\/hhft.info\/2021\/wp-content\/uploads\/2020\/06\/Bildschirmfoto-2020-06-19-um-17.53.12-1024x513.png 1024w, https:\/\/hhft.info\/2021\/wp-content\/uploads\/2020\/06\/Bildschirmfoto-2020-06-19-um-17.53.12-768x384.png 768w, https:\/\/hhft.info\/2021\/wp-content\/uploads\/2020\/06\/Bildschirmfoto-2020-06-19-um-17.53.12-1536x769.png 1536w\" sizes=\"(max-width: 767px) 89vw, (max-width: 1000px) 54vw, (max-width: 1071px) 543px, 580px\" \/><figcaption><span class=\"has-inline-color has-black-color\"><strong>Hochschule f\u00fcr Gestaltung Offenbach<\/strong><br><\/span><br><span class=\"has-inline-color has-black-color\">Das Lehrgebiet Film|Video erm\u00f6glicht eine praxisorientierte Auseinandersetzung mit den\u00a0<br>verschiedenen Formen des k\u00fcnstlerischen Films: Kurzspielfilm, Experimentalfilm, Dokumentarfilm,\u00a0Audio|Videokunst, Expanded Cinema, Animationsfilm und deren unz\u00e4hlige Verkn\u00fcpfungsm\u00f6glichkeiten untereinander, sowie mit angrenzenden Terrains.<br>Das Studium ist modular gegliedert und erm\u00f6glicht zudem selbstbestimmte interdisziplin\u00e4re Kombinationen mit anderen Fachgebieten der HfG.<br>Flankiert von wechselnden Theorie-Angeboten lernen die Studierenden neben den konzeptionellen Anteilen der Film- und Videoarbeit \u2013 etwa Drehbuch oder Regie \u2013 die klassischen analogen und digitalen Techniken der Film- und Videoherstellung kennen. Dazu geh\u00f6ren Kameraf\u00fchrung, Lichtgestaltung, Montage, Sounddesign, Postproduktion, sowie die sich stetig ver\u00e4ndernden M\u00f6glichkeiten neuer, hybrider oder immersiver Ans\u00e4tze wie im FullDome 360\u00b0- und VR-Kino, im 3D-Sound-Bereich oder mehrkanalige, transmediale Technologien.<br>Internationale G\u00e4ste, Dozent*innen und Mentor*innen begleiten \u00fcber den Hochschul-Horizont hinaus. Die HfG Offenbach ist seit 2007 Gr\u00fcndungsmitglied und Sitz der hessischen Film- und Medienakademie (hFMA).<br><br>Prof. Dr. Marie-H\u00e9l\u00e8ne Gutberlet \/\/<br>gutberlet@hfg-offenbach.de<br>Prof. Alex Oppermann \/\/\u00a0<br>oppermann@hfg-offenbach.de<br><em>Angelika Levi \/\/<br>levi@hfg-offenbach.de<\/em><\/span><\/figcaption><\/figure>\n\n\n\n<div class=\"wp-block-buttons\">\n<div class=\"wp-block-button is-style-outline\"><a class=\"wp-block-button__link has-text-color\" href=\"https:\/\/www.hfg-offenbach.de\/#feature_and_news\" style=\"border-radius:5px;color:#70549f\" target=\"_blank\" rel=\"noreferrer noopener\">Zur Webseite<\/a><\/div>\n<\/div>\n\n\n\n<p><\/p>\n\n\n\n<p><\/p>\n<\/div>\n\n\n\n<div class=\"wp-block-column\">\n<figure class=\"wp-block-image size-full\"><img loading=\"lazy\" width=\"1764\" height=\"884\" src=\"https:\/\/hhft.info\/2021\/wp-content\/uploads\/2020\/06\/Bildschirmfoto-2020-06-19-um-17.52.47.png\" alt=\"Hochschule RheinMain\/Wiesbaden\" class=\"wp-image-254\" srcset=\"https:\/\/hhft.info\/2021\/wp-content\/uploads\/2020\/06\/Bildschirmfoto-2020-06-19-um-17.52.47.png 1764w, https:\/\/hhft.info\/2021\/wp-content\/uploads\/2020\/06\/Bildschirmfoto-2020-06-19-um-17.52.47-300x150.png 300w, https:\/\/hhft.info\/2021\/wp-content\/uploads\/2020\/06\/Bildschirmfoto-2020-06-19-um-17.52.47-1024x513.png 1024w, https:\/\/hhft.info\/2021\/wp-content\/uploads\/2020\/06\/Bildschirmfoto-2020-06-19-um-17.52.47-768x385.png 768w, https:\/\/hhft.info\/2021\/wp-content\/uploads\/2020\/06\/Bildschirmfoto-2020-06-19-um-17.52.47-1536x770.png 1536w\" sizes=\"(max-width: 767px) 89vw, (max-width: 1000px) 54vw, (max-width: 1071px) 543px, 580px\" \/><figcaption><span class=\"has-inline-color has-black-color\"><strong>Hochschule RheinMain\/ Wiesbaden&nbsp;<\/strong><br><\/span><br><span class=\"has-inline-color has-black-color\">Der AV-Medien Bereich des Studiengangs Kommunikationsdesign bildet die Studierenden in dem&nbsp;Spannungsfeld zwischen angewandter Kommunikation und k\u00fcnstlerischem Experiment aus. Durch das Erlernen der aktuellen digitalen Techniken im Film-, Animations- und Interaktivbereich entsteht die Basis f\u00fcr das Experimentieren innerhalb verschiedenster angewandter Aufgabenfelder. Der spannende Spagat zwischen Markt und Kunst wird bewusst thematisiert, analysiert und ausprobiert. Der Fokus liegt dabei auf der Entwicklung der pers\u00f6nlichen Handschrift der Studierenden und dem Zusammenwachsen der verschiedenen Spielfelder digitaler Kommunikation.<br>So entstehen interdisziplin\u00e4re Projekte aus allen Bereichen des bewegten Bildes: vom klassischen Spiel- und Dokumentarfilm \u00fcber das serielle Erz\u00e4hlen, 2D und 3D Motion Design und Animationsfilmprojekten bis hin zu verschiedensten interaktiven Anwendungen. Als wichtigste Voraussetzung gilt, der Mut zum Scheitern, um den Blick auf das Neue freizumachen.<br><br>Prof. B\u00f6rries M\u00fcller-B\u00fcsching \/\/<br>&nbsp;boerries.mueller-buesching@hs-rm.de<br>Prof. R\u00fcdiger Pichler. \/\/&nbsp;<br>ruediger.pichler@hs-rm.de<br>Prof. Tom Schreiber \/\/&nbsp;<br>tom.schreiber@hs-rm.de<\/span><\/figcaption><\/figure>\n\n\n\n<div class=\"wp-block-buttons\">\n<div class=\"wp-block-button is-style-outline\"><a class=\"wp-block-button__link has-text-color\" href=\"https:\/\/www.hs-rm.de\/de\/\" style=\"border-radius:5px;color:#70549f\" target=\"_blank\" rel=\"noreferrer noopener\">Zur Webseite<\/a><\/div>\n<\/div>\n\n\n\n<p><\/p>\n\n\n\n<p><\/p>\n\n\n\n<p><\/p>\n<\/div>\n<\/div>\n\n\n\n<p><\/p>\n\n\n\n<div class=\"wp-block-columns\">\n<div class=\"wp-block-column\">\n<div class=\"wp-block-columns\">\n<div class=\"wp-block-column\" style=\"flex-basis:100%\">\n<div class=\"wp-block-group\"><div class=\"wp-block-group__inner-container\">\n<div class=\"wp-block-group\"><div class=\"wp-block-group__inner-container\">\n<div class=\"wp-block-columns\">\n<div class=\"wp-block-column\" style=\"flex-basis:100%\">\n<div class=\"wp-block-image\"><figure class=\"alignleft size-large\"><img loading=\"lazy\" width=\"321\" height=\"210\" src=\"https:\/\/hhft.info\/2021\/wp-content\/uploads\/2025\/07\/42-dokfest.png\" alt=\"\" class=\"wp-image-1672\" srcset=\"https:\/\/hhft.info\/2021\/wp-content\/uploads\/2025\/07\/42-dokfest.png 321w, https:\/\/hhft.info\/2021\/wp-content\/uploads\/2025\/07\/42-dokfest-300x196.png 300w\" sizes=\"(max-width: 321px) 100vw, 321px\" \/><figcaption><strong>Kasseler Dokumentarfilm- und Videofest<\/strong><\/figcaption><\/figure><\/div>\n<\/div>\n<\/div>\n<\/div><\/div>\n<\/div><\/div>\n\n\n\n<div class=\"wp-block-buttons\">\n<div class=\"wp-block-button is-style-outline\"><a class=\"wp-block-button__link has-text-color\" href=\"https:\/\/www.kasselerdokfest.de\" style=\"border-radius:5px;color:#70549f\" target=\"_blank\" rel=\"noreferrer noopener\">Zur Webseite<\/a><\/div>\n<\/div>\n\n\n\n<p><\/p>\n\n\n\n<figure class=\"wp-block-image size-medium is-resized\"><img loading=\"lazy\" src=\"https:\/\/hhft.info\/2021\/wp-content\/uploads\/2025\/07\/3334-300x300.png\" alt=\"\" class=\"wp-image-1677\" width=\"175\" height=\"175\" srcset=\"https:\/\/hhft.info\/2021\/wp-content\/uploads\/2025\/07\/3334-300x300.png 300w, https:\/\/hhft.info\/2021\/wp-content\/uploads\/2025\/07\/3334-1024x1024.png 1024w, https:\/\/hhft.info\/2021\/wp-content\/uploads\/2025\/07\/3334-150x150.png 150w, https:\/\/hhft.info\/2021\/wp-content\/uploads\/2025\/07\/3334-768x768.png 768w, https:\/\/hhft.info\/2021\/wp-content\/uploads\/2025\/07\/3334-1536x1536.png 1536w, https:\/\/hhft.info\/2021\/wp-content\/uploads\/2025\/07\/3334-2048x2048.png 2048w, https:\/\/hhft.info\/2021\/wp-content\/uploads\/2025\/07\/3334-100x100.png 100w\" sizes=\"(max-width: 175px) 100vw, 175px\" \/><figcaption><strong>UK14 \u2013 Kultur- und Eventlocation<\/strong><\/figcaption><\/figure>\n\n\n\n<div class=\"wp-block-buttons\">\n<div class=\"wp-block-button is-style-outline\"><a class=\"wp-block-button__link has-text-color\" href=\"https:\/\/uk14.de\" style=\"border-radius:5px;color:#70549f\" target=\"_blank\" rel=\"noreferrer noopener\">Zur Webseite<\/a><\/div>\n<\/div>\n\n\n\n<p><\/p>\n<\/div>\n<\/div>\n<\/div>\n\n\n\n<div class=\"wp-block-column\">\n<figure class=\"wp-block-image size-large is-resized\"><img loading=\"lazy\" src=\"https:\/\/hhft.info\/2020\/wp-content\/uploads\/2020\/06\/Bildschirmfoto-2020-06-24-um-17.43.50-1024x502.png\" alt=\"hfma\" class=\"wp-image-439\" width=\"469\" height=\"229\" srcset=\"https:\/\/hhft.info\/2021\/wp-content\/uploads\/2020\/06\/Bildschirmfoto-2020-06-24-um-17.43.50-1024x502.png 1024w, https:\/\/hhft.info\/2021\/wp-content\/uploads\/2020\/06\/Bildschirmfoto-2020-06-24-um-17.43.50-300x147.png 300w, https:\/\/hhft.info\/2021\/wp-content\/uploads\/2020\/06\/Bildschirmfoto-2020-06-24-um-17.43.50-768x376.png 768w, https:\/\/hhft.info\/2021\/wp-content\/uploads\/2020\/06\/Bildschirmfoto-2020-06-24-um-17.43.50-1536x752.png 1536w, https:\/\/hhft.info\/2021\/wp-content\/uploads\/2020\/06\/Bildschirmfoto-2020-06-24-um-17.43.50.png 1760w\" sizes=\"(max-width: 469px) 100vw, 469px\" \/><figcaption><strong>Hessische Film- und Medienakademie<\/strong><\/figcaption><\/figure>\n\n\n\n<div class=\"wp-block-buttons\">\n<div class=\"wp-block-button is-style-outline\"><a class=\"wp-block-button__link has-text-color\" href=\"https:\/\/www.hfmakademie.de\" style=\"border-radius:5px;color:#70549f\" target=\"_blank\" rel=\"noreferrer noopener\">Zur Webseite<\/a><\/div>\n<\/div>\n<\/div>\n<\/div>\n\n\n\n<div style=\"height:100px\" aria-hidden=\"true\" class=\"wp-block-spacer\"><\/div>\n\n\n\n<h2 id=\"kontakt\"><strong><span style=\"color:#fe6459\" class=\"has-inline-color\">Kontakt<\/span><\/strong><br><\/h2>\n\n\n<p><\/p>\n<p><span style=\"color: #000000;\"><span class=\"has-inline-color\">Der Hessische Hochschulfilmtag 2025 wird organisiert von:&nbsp;<\/span><span class=\"has-inline-color\"><br data-rich-text-line-break=\"true\"><\/span><\/span><\/p>\n<p><span style=\"color: #000000;\">Charlie Klug und Kevin Fromm <\/span><\/p>\n<p><span style=\"color: #70549f;\"><a style=\"color: #70549f;\" href=\"mailto:hhft@mail.de\">hhft@mail.de<\/a><\/span><\/p>\n<div class=\"wp-block-columns\">\n<div class=\"wp-block-column\" style=\"flex-basis: 50%;\">\n<p><!-- \/wp:spacer --><\/p>\n<\/div>\n<p><!-- \/wp:column --><\/p>\n<p><!-- wp:column {\"width\":25} --><\/p>\n<\/div>\n<p><!-- \/wp:paragraph --><\/p>\n<p><!-- wp:spacer {\"height\":20} --><\/p>\n<div class=\"wp-block-columns\">\n<div class=\"wp-block-column\" style=\"flex-basis: 50%;\">\n<p><!-- \/wp:image --><\/p>\n<\/div>\n<p><!-- \/wp:column --><\/p>\n<p><!-- wp:column {\"width\":25} --><\/p>\n<div class=\"wp-block-column\" style=\"flex-basis: 25%;\">&nbsp;<\/div>\n<p><!-- \/wp:column --><\/p>\n<\/div>\n<p><!-- \/wp:columns --><\/p>\n<p><!-- wp:spacer {\"height\":20} --><\/p>\n<div class=\"wp-block-spacer\" style=\"height: 20px;\" aria-hidden=\"true\">&nbsp;<\/div>\n<p><!-- \/wp:spacer --><\/p>\n<p><!-- wp:paragraph {\"align\":\"center\"} --><\/p>\n<p class=\"has-text-align-center\"><a href=\"\/2020\/datenschutz\" target=\"_blank\" rel=\"noreferrer noopener\">Datenschutz<\/a> | <a href=\"\/2020\/impressum\" target=\"_blank\" rel=\"noreferrer noopener\">Impressum<\/a><\/p>\n<p><!-- \/wp:paragraph --><\/p>","protected":false},"excerpt":{"rendered":"<p>Den Link zum Einreichen findet Ihr im Open Call, den eure Lehrenden euch per Mail weitergeleitet haben. Filme aller Genres und einer L\u00e4nge bis zu 25 min. der Jahre 2024\/ 2025 k\u00f6nnen eingereicht werden.&nbsp; Wer wir sind &nbsp;Am 20. November 2025 findet der 16. Hessische Hochschulfilmtag (HHFT) statt. Studierende der Hochschule Darmstadt, der Kunsthochschule Kassel, &hellip; <\/p>\n<p class=\"link-more\"><a href=\"https:\/\/hhft.info\/2022\/\" class=\"more-link\"><span class=\"screen-reader-text\">\u201eHome 2025\u201c<\/span> weiterlesen<\/a><\/p>\n","protected":false},"author":1,"featured_media":0,"parent":0,"menu_order":0,"comment_status":"closed","ping_status":"closed","template":"","meta":[],"yoast_head":"<!-- This site is optimized with the Yoast SEO plugin v16.6 - https:\/\/yoast.com\/wordpress\/plugins\/seo\/ -->\n<title>Home 2025 - Hessischer Hochschulfilmtag 2025<\/title>\n<meta name=\"description\" content=\"11. Hessischer Hochschulfilmtag am 19. November 2020 in Kassel. Jetzt einreichen\" \/>\n<meta name=\"robots\" content=\"index, follow, max-snippet:-1, max-image-preview:large, max-video-preview:-1\" \/>\n<link rel=\"canonical\" href=\"https:\/\/hhft.info\/2022\/\" \/>\n<meta property=\"og:locale\" content=\"de_DE\" \/>\n<meta property=\"og:type\" content=\"article\" \/>\n<meta property=\"og:title\" content=\"Home 2025 - Hessischer Hochschulfilmtag 2025\" \/>\n<meta property=\"og:description\" content=\"11. Hessischer Hochschulfilmtag am 19. November 2020 in Kassel. Jetzt einreichen\" \/>\n<meta property=\"og:url\" content=\"https:\/\/hhft.info\/2022\/\" \/>\n<meta property=\"og:site_name\" content=\"Hessischer Hochschulfilmtag 2025\" \/>\n<meta property=\"article:modified_time\" content=\"2025-11-05T15:15:54+00:00\" \/>\n<meta property=\"og:image\" content=\"https:\/\/hhft.info\/2021\/wp-content\/uploads\/2025\/07\/hhft-2025-call-for-entries-819x1024.png\" \/>\n<meta name=\"twitter:card\" content=\"summary_large_image\" \/>\n<meta name=\"twitter:label1\" content=\"Gesch\u00e4tzte Lesezeit\" \/>\n\t<meta name=\"twitter:data1\" content=\"6 Minuten\" \/>\n<script type=\"application\/ld+json\" class=\"yoast-schema-graph\">{\"@context\":\"https:\/\/schema.org\",\"@graph\":[{\"@type\":\"Organization\",\"@id\":\"https:\/\/hhft.info\/2022\/#organization\",\"name\":\"Hessischer Hochschulfilmtag 2020 - 11. HHFT\",\"url\":\"https:\/\/hhft.info\/2022\/\",\"sameAs\":[],\"logo\":{\"@type\":\"ImageObject\",\"@id\":\"https:\/\/hhft.info\/2022\/#logo\",\"inLanguage\":\"de-DE\",\"url\":\"https:\/\/hhft.info\/2020\/wp-content\/uploads\/2020\/06\/logo2.png\",\"contentUrl\":\"https:\/\/hhft.info\/2020\/wp-content\/uploads\/2020\/06\/logo2.png\",\"width\":700,\"height\":700,\"caption\":\"Hessischer Hochschulfilmtag 2020 - 11. HHFT\"},\"image\":{\"@id\":\"https:\/\/hhft.info\/2022\/#logo\"}},{\"@type\":\"WebSite\",\"@id\":\"https:\/\/hhft.info\/2022\/#website\",\"url\":\"https:\/\/hhft.info\/2022\/\",\"name\":\"Hessischer Hochschulfilmtag 2020 - 11. HHFT\",\"description\":\"\",\"publisher\":{\"@id\":\"https:\/\/hhft.info\/2022\/#organization\"},\"potentialAction\":[{\"@type\":\"SearchAction\",\"target\":{\"@type\":\"EntryPoint\",\"urlTemplate\":\"https:\/\/hhft.info\/2022\/?s={search_term_string}\"},\"query-input\":\"required name=search_term_string\"}],\"inLanguage\":\"de-DE\"},{\"@type\":\"ImageObject\",\"@id\":\"https:\/\/hhft.info\/2022\/#primaryimage\",\"inLanguage\":\"de-DE\",\"url\":\"https:\/\/hhft.info\/2021\/wp-content\/uploads\/2025\/07\/hhft-2025-call-for-entries.png\",\"contentUrl\":\"https:\/\/hhft.info\/2021\/wp-content\/uploads\/2025\/07\/hhft-2025-call-for-entries.png\",\"width\":1080,\"height\":1350},{\"@type\":\"WebPage\",\"@id\":\"https:\/\/hhft.info\/2022\/#webpage\",\"url\":\"https:\/\/hhft.info\/2022\/\",\"name\":\"Home 2025 - Hessischer Hochschulfilmtag 2025\",\"isPartOf\":{\"@id\":\"https:\/\/hhft.info\/2022\/#website\"},\"primaryImageOfPage\":{\"@id\":\"https:\/\/hhft.info\/2022\/#primaryimage\"},\"datePublished\":\"2021-06-23T12:45:55+00:00\",\"dateModified\":\"2025-11-05T15:15:54+00:00\",\"description\":\"11. Hessischer Hochschulfilmtag am 19. November 2020 in Kassel. Jetzt einreichen\",\"breadcrumb\":{\"@id\":\"https:\/\/hhft.info\/2022\/#breadcrumb\"},\"inLanguage\":\"de-DE\",\"potentialAction\":[{\"@type\":\"ReadAction\",\"target\":[\"https:\/\/hhft.info\/2022\/\"]}]},{\"@type\":\"BreadcrumbList\",\"@id\":\"https:\/\/hhft.info\/2022\/#breadcrumb\",\"itemListElement\":[{\"@type\":\"ListItem\",\"position\":1,\"name\":\"Startseite\",\"item\":\"https:\/\/hhft.info\/2022\/\"},{\"@type\":\"ListItem\",\"position\":2,\"name\":\"Home 2025\"}]}]}<\/script>\n<!-- \/ Yoast SEO plugin. -->","_links":{"self":[{"href":"https:\/\/hhft.info\/2022\/wp-json\/wp\/v2\/pages\/1046"}],"collection":[{"href":"https:\/\/hhft.info\/2022\/wp-json\/wp\/v2\/pages"}],"about":[{"href":"https:\/\/hhft.info\/2022\/wp-json\/wp\/v2\/types\/page"}],"author":[{"embeddable":true,"href":"https:\/\/hhft.info\/2022\/wp-json\/wp\/v2\/users\/1"}],"replies":[{"embeddable":true,"href":"https:\/\/hhft.info\/2022\/wp-json\/wp\/v2\/comments?post=1046"}],"version-history":[{"count":73,"href":"https:\/\/hhft.info\/2022\/wp-json\/wp\/v2\/pages\/1046\/revisions"}],"predecessor-version":[{"id":1708,"href":"https:\/\/hhft.info\/2022\/wp-json\/wp\/v2\/pages\/1046\/revisions\/1708"}],"wp:attachment":[{"href":"https:\/\/hhft.info\/2022\/wp-json\/wp\/v2\/media?parent=1046"}],"curies":[{"name":"wp","href":"https:\/\/api.w.org\/{rel}","templated":true}]}}